{"id":682,"date":"2017-03-13T12:02:33","date_gmt":"2017-03-13T11:02:33","guid":{"rendered":"http:\/\/localhost\/iv50plus\/?page_id=107"},"modified":"2017-03-13T12:02:33","modified_gmt":"2017-03-13T11:02:33","slug":"fuer-sie-gelesen","status":"publish","type":"page","link":"https:\/\/iv50plus.eu\/?page_id=682","title":{"rendered":"F\u00fcr Sie gelesen oder angeschaut"},"content":{"rendered":"<div>\n<p>1. Der wunderbare Garten der Bella Brown &#8211; Kinofilm<\/p>\n<p>2. GEISTIG FIT Aufgabensammlung 2017 &#8211; Das Fitness-Training f\u00fcr den Kopf!<\/p>\n<hr \/>\n<p><strong><img decoding=\"async\" loading=\"lazy\" class=\"wp-image-646 alignleft\" src=\"https:\/\/iv50plus.eu\/wp-content\/uploads\/2017\/03\/AS-2017-U1-212x300.jpg\" alt=\"\" width=\"162\" height=\"229\" srcset=\"https:\/\/iv50plus.eu\/wp-content\/uploads\/2017\/03\/AS-2017-U1-212x300.jpg 212w, https:\/\/iv50plus.eu\/wp-content\/uploads\/2017\/03\/AS-2017-U1-768x1084.jpg 768w, https:\/\/iv50plus.eu\/wp-content\/uploads\/2017\/03\/AS-2017-U1-725x1024.jpg 725w, https:\/\/iv50plus.eu\/wp-content\/uploads\/2017\/03\/AS-2017-U1.jpg 1192w\" sizes=\"(max-width: 162px) 100vw, 162px\" \/>Das Fitness-Training f\u00fcr den Kopf!<\/strong><\/p>\n<p><strong>Die GEISTIG FIT Aufgabensammlung 2017 ist jetzt erschienen.<\/strong><\/p>\n<p>Nach gesicherten wissenschaftlichen Erkenntnissen entscheiden zwei wichtige Grundfuktionen \u00fcber die Leistungsf\u00e4hgkeit unseres Gehirns: Die Geschwindigkeit der geistigen Abl\u00e4ufe und die Merkspanne. Erfreulich, dass man Arbeitsgeschwindigkeit und Merkspanne mit geeigneten \u00dcbungen gezielt trainieren kann. Das richtige geistige Training ist deshalb der Schl\u00fcssel zu hoher geistiger Leistungsf\u00e4higkeit.<\/p>\n<p><em>Um den Geist fit zu halten, ist kein anstrengedes Dauertraining erforderlich. Schon eine kurze Aktivierung t\u00e4glich reicht aus.<\/em><\/p>\n<p>Mit der GEISTIG FIT Aufgabensammlung 2017 haben Sie das wissenschaftlich fundierte und in der Praxis erprobte Trainingsprogramm der Gesellschaft f\u00fcr Gehirntraining e.V. (www.gfg-online.de) in der Hand. Auch wenn manche Aufgaben m\u00f6glicherweise zu simpel erscheinen, Sie trainieren erwiesenerma\u00dfen ganz gezielt die zentralen Grundfunktionen der geistigen Leistungsf\u00e4higkeit.<\/p>\n<p><em>Schon 5 bis 10 Minuten Training gen\u00fcgen, um die Synapsen in Schwung zu bringen. Das allerdings konsequent jeden Tag, auch am Wochenende und im Urlaub.<\/em><\/p>\n<p>Die Aufgabensammlung 2017 enth\u00e4lt 160 Seiten mit wirksamen und abwechslungsreichen \u00dcbungen zur Steigerung der geistigen Fitness mit dem G\u00fctesiegel der Gesellschaft f\u00fcr Gehirntraining. Ebenfalls sind im Anhang die L\u00f6sungen ausf\u00fchrlich und \u00fcbersichtlich zur Kontrolle dargestellt.<\/p>\n<p><strong>Euro 19.95 sind hier gut investiert. Gerne leiten wir Ihre Bestellung weiter.<\/strong><\/p>\n<p><strong><a href=\"http:\/\/iv50plus.de\/kontakt\/\">Jetzt bestellen<\/a><\/strong><\/p>\n<\/div>\n<p>&#8212;&#8212;&#8212;&#8212;&#8212;&#8212;&#8212;&#8212;&#8212;&#8212;&#8212;&#8212;&#8212;&#8212;&#8212;&#8212;&#8212;&#8212;&#8212;&#8212;&#8212;&#8212;&#8212;&#8212;&#8212;&#8212;&#8212;&#8212;&#8212;&#8212;&#8212;&#8212;&#8212;&#8212;&#8212;&#8212;&#8212;&#8212;&#8212;&#8212;&#8212;&#8212;&#8212;&#8212;&#8212;&#8212;&#8212;&#8212;&#8212;&#8212;<\/p>\n<div>\n<p>&nbsp;<\/p>\n<p><strong>&#8222;Der wunderbare Garten der Bella Brown&#8220;<\/strong> &#8211;<strong> Kinostart 15. Juni 2017<\/strong><\/p>\n<p><img decoding=\"async\" loading=\"lazy\" class=\"wp-image-564 alignleft\" src=\"https:\/\/iv50plus.eu\/wp-content\/uploads\/2017\/03\/50_DWG_postermitmotiv-300x205.jpg\" alt=\"\" width=\"298\" height=\"204\" srcset=\"https:\/\/iv50plus.eu\/wp-content\/uploads\/2017\/03\/50_DWG_postermitmotiv-300x205.jpg 300w, https:\/\/iv50plus.eu\/wp-content\/uploads\/2017\/03\/50_DWG_postermitmotiv-768x524.jpg 768w, https:\/\/iv50plus.eu\/wp-content\/uploads\/2017\/03\/50_DWG_postermitmotiv-1024x699.jpg 1024w\" sizes=\"(max-width: 298px) 100vw, 298px\" \/>Der Film ist super. Die Kameraeinstellungen sind auf die Launen der Bella Brown ausgerichtet. Besonders hat mir gefallen, dass es hier um das Miteinander von &#8222;Jung und Alt&#8220; geht. Einen m\u00fcrrischen Nachbarn ist uns allen sich nicht fremd. <strong>Der Film zeigt auf, dass ein &#8222;Miteinander der Generationen&#8220; m\u00f6glich ist, wenn sich alle bewegen.<\/strong> Das Ergebnis zeigt auf, das es sich auch lohnt.<br \/>\nJessica Brown Findlay (Bella), Tom Wilkinson (m\u00fcrrischer Nachbar Alfie Stephenson), Andrew Scott (Vernon)\u00a0 und Jeremy Irving (junger Erfinder) haben eine super schauspielerische Leistung erbracht.<\/p>\n<p>Den Film kann ich nur vom ganzen Herzen empfehlen.<\/p>\n<h3>Einen ersten Eindruck k\u00f6nnen Sie unter &#8211;<a href=\"http:\/\/www.bellabrown-derfilm.de\"> http:\/\/www.bellabrown-derfilm.de<\/a> &#8211; erhalten. Dort gibt es auch ein Preisausschreiben.<\/h3>\n<p><strong><a href=\"http:\/\/www.fva-akademie.de\/der-wunderbare-garten-der-bella-brown-kinostart-15-juni-2017\/45_tbf\/\" rel=\"attachment wp-att-1724\"><img decoding=\"async\" loading=\"lazy\" class=\"size-medium wp-image-1724 alignleft\" src=\"http:\/\/www.fva-akademie.de\/wp-content\/uploads\/2017\/06\/45_TBF-300x169.jpg\" alt=\"\" width=\"300\" height=\"169\" \/><\/a>Die Geschichte:<\/strong> Bella (Jessica Brown Findlay) liebt die kleinen Dinge, die ihre Phantasie befl\u00fcgeln, und tr\u00e4umt davon, Kinderb\u00fccher zu schreiben. Im echten Leben und in ihrem Haus aber liebt sie Ordnung \u00fcber alles. Natur ist ihr ein Graus, bedeutet sie doch Willk\u00fcr und Chaos. Als sie von ihrem Vermieter gezwungen wird, ihren verwilderten Garten innerhalb eines Monats in einen bl\u00fchenden zu verwandeln, weil ihr sonst die K\u00fcndigung droht, bekommt sie unerwartet Hilfe von ihrem m\u00fcrrischen Nachbar Alfie Stephenson (Tom Wilkinson). Der besitzt nicht nur einen sehr gr\u00fcnen Daumen und eine Menge Lebensweisheit, er besch\u00e4ftigt auch den \u00fcberaus begabten Koch Vernon (Andrew Scott). Doch Vernon ist nicht nur kulinarisch versiert, er hat au\u00dferdem ein besonderes Gesp\u00fcr f\u00fcr Menschen. Als er merkt, wie sehr Bellas Herz f\u00fcr den jungen Erfinder Billy (Jeremy Irving) schl\u00e4gt, hilft er dem Gl\u00fcck ein wenig auf die Spr\u00fcnge.<\/p>\n<p>Dank seines \u00e4u\u00dferst liebevollen Blicks f\u00fcr seine Figuren und jedes noch so kleine Detail ist Regisseur Simon Aboud mit DER WUNDERBARE GARTEN DER BELLA BROWN die Schaffung einer ganz eigenen und besonderen Welt gelungen, in der der Phantasie keine Grenzen gesetzt sind.<\/p>\n<p><a href=\"http:\/\/www.fva-akademie.de\/der-wunderbare-garten-der-bella-brown-kinostart-15-juni-2017\/26_tbf\/\" rel=\"attachment wp-att-1725\"><img decoding=\"async\" loading=\"lazy\" class=\"size-medium wp-image-1725 alignleft\" src=\"http:\/\/www.fva-akademie.de\/wp-content\/uploads\/2017\/06\/26_TBF-300x156.jpg\" alt=\"\" width=\"300\" height=\"156\" \/><\/a>DER WUNDERBARE GARTEN DER BELLA BROWN ist ein modernes M\u00e4rchen \u00fcber die ungew\u00f6hnliche Freundschaft zwischen einer jungen vertr\u00e4umten Frau, die nach dem Sinn des Lebens sucht, und ihrem Nachbar, einem alten Witwer, der mit dem Leben eigentlich schon abgeschlossen hat. Am Ende stehen sie nicht nur in einem geradezu zauberhaften Garten, sondern sind sich einig, jeder auf seine Art, dass die ganz gro\u00dfe Magie das Leben selbst ist.<\/p>\n<p>Bella Brown wird gespielt von Jessica Brown Findlay, bekannt aus der Erfolgs-Serie Downton Abbey. Als ihr grantiger Nachbar Alfie Stephenson mit Hang zu schwarzem Humor und britischem Understatement ist Tom Wilkinson (Best Exotic Marigold Hotel) geradezu kongenial besetzt. Andrew Scott (Sherlock) ist Alfies Koch Vernon, der ganz verzaubert von Bella nur allzu gerne die Kochstelle wechselt. Bellas Herz aber geh\u00f6rt insgeheim Billy, gespielt von Jeremy Irvine (Gef\u00e4hrten), dessen Erfindungen magische Kr\u00e4fte zu besitzen scheinen.<\/p>\n<\/div>\n","protected":false},"excerpt":{"rendered":"<p>1. Der wunderbare Garten der Bella Brown &#8211; Kinofilm 2. GEISTIG FIT Aufgabensammlung 2017 &#8211; Das Fitness-Training f\u00fcr den Kopf! Das Fitness-Training f\u00fcr den Kopf! Die GEISTIG FIT Aufgabensammlung 2017 ist jetzt erschienen. Nach gesicherten wissenschaftlichen Erkenntnissen entscheiden zwei wichtige Grundfuktionen \u00fcber die Leistungsf\u00e4hgkeit unseres Gehirns: Die Geschwindigkeit der geistigen Abl\u00e4ufe und die Merkspanne. Erfreulich, [&hellip;]<\/p>\n","protected":false},"author":1,"featured_media":646,"parent":0,"menu_order":0,"comment_status":"closed","ping_status":"closed","template":"","meta":[],"_links":{"self":[{"href":"https:\/\/iv50plus.eu\/index.php?rest_route=\/wp\/v2\/pages\/682"}],"collection":[{"href":"https:\/\/iv50plus.eu\/index.php?rest_route=\/wp\/v2\/pages"}],"about":[{"href":"https:\/\/iv50plus.eu\/index.php?rest_route=\/wp\/v2\/types\/page"}],"author":[{"embeddable":true,"href":"https:\/\/iv50plus.eu\/index.php?rest_route=\/wp\/v2\/users\/1"}],"replies":[{"embeddable":true,"href":"https:\/\/iv50plus.eu\/index.php?rest_route=%2Fwp%2Fv2%2Fcomments&post=682"}],"version-history":[{"count":0,"href":"https:\/\/iv50plus.eu\/index.php?rest_route=\/wp\/v2\/pages\/682\/revisions"}],"wp:featuredmedia":[{"embeddable":true,"href":"https:\/\/iv50plus.eu\/index.php?rest_route=\/wp\/v2\/media\/646"}],"wp:attachment":[{"href":"https:\/\/iv50plus.eu\/index.php?rest_route=%2Fwp%2Fv2%2Fmedia&parent=682"}],"curies":[{"name":"wp","href":"https:\/\/api.w.org\/{rel}","templated":true}]}}

Für Sie gelesen oder angeschaut

<div>
<p>1. Der wunderbare Garten der Bella Brown &#8211; Kinofilm</p>
<p>2. GEISTIG FIT Aufgabensammlung 2017 &#8211; Das Fitness-Training für den Kopf!</p>
<hr />
<p><strong><img decoding="async" loading="lazy" class="wp-image-646 alignleft" src="https://iv50plus.eu/wp-content/uploads/2017/03/AS-2017-U1-212x300.jpg" alt="" width="162" height="229" srcset="https://iv50plus.eu/wp-content/uploads/2017/03/AS-2017-U1-212x300.jpg 212w, https://iv50plus.eu/wp-content/uploads/2017/03/AS-2017-U1-768x1084.jpg 768w, https://iv50plus.eu/wp-content/uploads/2017/03/AS-2017-U1-725x1024.jpg 725w, https://iv50plus.eu/wp-content/uploads/2017/03/AS-2017-U1.jpg 1192w" sizes="(max-width: 162px) 100vw, 162px" />Das Fitness-Training für den Kopf!</strong></p>
<p><strong>Die GEISTIG FIT Aufgabensammlung 2017 ist jetzt erschienen.</strong></p>
<p>Nach gesicherten wissenschaftlichen Erkenntnissen entscheiden zwei wichtige Grundfuktionen über die Leistungsfähgkeit unseres Gehirns: Die Geschwindigkeit der geistigen Abläufe und die Merkspanne. Erfreulich, dass man Arbeitsgeschwindigkeit und Merkspanne mit geeigneten Übungen gezielt trainieren kann. Das richtige geistige Training ist deshalb der Schlüssel zu hoher geistiger Leistungsfähigkeit.</p>
<p><em>Um den Geist fit zu halten, ist kein anstrengedes Dauertraining erforderlich. Schon eine kurze Aktivierung täglich reicht aus.</em></p>
<p>Mit der GEISTIG FIT Aufgabensammlung 2017 haben Sie das wissenschaftlich fundierte und in der Praxis erprobte Trainingsprogramm der Gesellschaft für Gehirntraining e.V. (www.gfg-online.de) in der Hand. Auch wenn manche Aufgaben möglicherweise zu simpel erscheinen, Sie trainieren erwiesenermaßen ganz gezielt die zentralen Grundfunktionen der geistigen Leistungsfähigkeit.</p>
<p><em>Schon 5 bis 10 Minuten Training genügen, um die Synapsen in Schwung zu bringen. Das allerdings konsequent jeden Tag, auch am Wochenende und im Urlaub.</em></p>
<p>Die Aufgabensammlung 2017 enthält 160 Seiten mit wirksamen und abwechslungsreichen Übungen zur Steigerung der geistigen Fitness mit dem Gütesiegel der Gesellschaft für Gehirntraining. Ebenfalls sind im Anhang die Lösungen ausführlich und übersichtlich zur Kontrolle dargestellt.</p>
<p><strong>Euro 19.95 sind hier gut investiert. Gerne leiten wir Ihre Bestellung weiter.</strong></p>
<p><strong><a href="http://iv50plus.de/kontakt/">Jetzt bestellen</a></strong></p>
</div>
<p>&#8212;&#8212;&#8212;&#8212;&#8212;&#8212;&#8212;&#8212;&#8212;&#8212;&#8212;&#8212;&#8212;&#8212;&#8212;&#8212;&#8212;&#8212;&#8212;&#8212;&#8212;&#8212;&#8212;&#8212;&#8212;&#8212;&#8212;&#8212;&#8212;&#8212;&#8212;&#8212;&#8212;&#8212;&#8212;&#8212;&#8212;&#8212;&#8212;&#8212;&#8212;&#8212;&#8212;&#8212;&#8212;&#8212;&#8212;&#8212;&#8212;&#8212;</p>
<div>
<p>&nbsp;</p>
<p><strong>&#8222;Der wunderbare Garten der Bella Brown&#8220;</strong> &#8211;<strong> Kinostart 15. Juni 2017</strong></p>
<p><img decoding="async" loading="lazy" class="wp-image-564 alignleft" src="https://iv50plus.eu/wp-content/uploads/2017/03/50_DWG_postermitmotiv-300x205.jpg" alt="" width="298" height="204" srcset="https://iv50plus.eu/wp-content/uploads/2017/03/50_DWG_postermitmotiv-300x205.jpg 300w, https://iv50plus.eu/wp-content/uploads/2017/03/50_DWG_postermitmotiv-768x524.jpg 768w, https://iv50plus.eu/wp-content/uploads/2017/03/50_DWG_postermitmotiv-1024x699.jpg 1024w" sizes="(max-width: 298px) 100vw, 298px" />Der Film ist super. Die Kameraeinstellungen sind auf die Launen der Bella Brown ausgerichtet. Besonders hat mir gefallen, dass es hier um das Miteinander von &#8222;Jung und Alt&#8220; geht. Einen mürrischen Nachbarn ist uns allen sich nicht fremd. <strong>Der Film zeigt auf, dass ein &#8222;Miteinander der Generationen&#8220; möglich ist, wenn sich alle bewegen.</strong> Das Ergebnis zeigt auf, das es sich auch lohnt.<br />
Jessica Brown Findlay (Bella), Tom Wilkinson (mürrischer Nachbar Alfie Stephenson), Andrew Scott (Vernon)  und Jeremy Irving (junger Erfinder) haben eine super schauspielerische Leistung erbracht.</p>
<p>Den Film kann ich nur vom ganzen Herzen empfehlen.</p>
<h3>Einen ersten Eindruck können Sie unter &#8211;<a href="http://www.bellabrown-derfilm.de"> http://www.bellabrown-derfilm.de</a> &#8211; erhalten. Dort gibt es auch ein Preisausschreiben.</h3>
<p><strong><a href="http://www.fva-akademie.de/der-wunderbare-garten-der-bella-brown-kinostart-15-juni-2017/45_tbf/" rel="attachment wp-att-1724"><img decoding="async" loading="lazy" class="size-medium wp-image-1724 alignleft" src="http://www.fva-akademie.de/wp-content/uploads/2017/06/45_TBF-300x169.jpg" alt="" width="300" height="169" /></a>Die Geschichte:</strong> Bella (Jessica Brown Findlay) liebt die kleinen Dinge, die ihre Phantasie beflügeln, und träumt davon, Kinderbücher zu schreiben. Im echten Leben und in ihrem Haus aber liebt sie Ordnung über alles. Natur ist ihr ein Graus, bedeutet sie doch Willkür und Chaos. Als sie von ihrem Vermieter gezwungen wird, ihren verwilderten Garten innerhalb eines Monats in einen blühenden zu verwandeln, weil ihr sonst die Kündigung droht, bekommt sie unerwartet Hilfe von ihrem mürrischen Nachbar Alfie Stephenson (Tom Wilkinson). Der besitzt nicht nur einen sehr grünen Daumen und eine Menge Lebensweisheit, er beschäftigt auch den überaus begabten Koch Vernon (Andrew Scott). Doch Vernon ist nicht nur kulinarisch versiert, er hat außerdem ein besonderes Gespür für Menschen. Als er merkt, wie sehr Bellas Herz für den jungen Erfinder Billy (Jeremy Irving) schlägt, hilft er dem Glück ein wenig auf die Sprünge.</p>
<p>Dank seines äußerst liebevollen Blicks für seine Figuren und jedes noch so kleine Detail ist Regisseur Simon Aboud mit DER WUNDERBARE GARTEN DER BELLA BROWN die Schaffung einer ganz eigenen und besonderen Welt gelungen, in der der Phantasie keine Grenzen gesetzt sind.</p>
<p><a href="http://www.fva-akademie.de/der-wunderbare-garten-der-bella-brown-kinostart-15-juni-2017/26_tbf/" rel="attachment wp-att-1725"><img decoding="async" loading="lazy" class="size-medium wp-image-1725 alignleft" src="http://www.fva-akademie.de/wp-content/uploads/2017/06/26_TBF-300x156.jpg" alt="" width="300" height="156" /></a>DER WUNDERBARE GARTEN DER BELLA BROWN ist ein modernes Märchen über die ungewöhnliche Freundschaft zwischen einer jungen verträumten Frau, die nach dem Sinn des Lebens sucht, und ihrem Nachbar, einem alten Witwer, der mit dem Leben eigentlich schon abgeschlossen hat. Am Ende stehen sie nicht nur in einem geradezu zauberhaften Garten, sondern sind sich einig, jeder auf seine Art, dass die ganz große Magie das Leben selbst ist.</p>
<p>Bella Brown wird gespielt von Jessica Brown Findlay, bekannt aus der Erfolgs-Serie Downton Abbey. Als ihr grantiger Nachbar Alfie Stephenson mit Hang zu schwarzem Humor und britischem Understatement ist Tom Wilkinson (Best Exotic Marigold Hotel) geradezu kongenial besetzt. Andrew Scott (Sherlock) ist Alfies Koch Vernon, der ganz verzaubert von Bella nur allzu gerne die Kochstelle wechselt. Bellas Herz aber gehört insgeheim Billy, gespielt von Jeremy Irvine (Gefährten), dessen Erfindungen magische Kräfte zu besitzen scheinen.</p>
</div>

<p>1. Der wunderbare Garten der Bella Brown &#8211; Kinofilm 2. GEISTIG FIT Aufgabensammlung 2017 &#8211; Das Fitness-Training für den Kopf! Das Fitness-Training für den Kopf! Die GEISTIG FIT Aufgabensammlung 2017 ist jetzt erschienen. Nach gesicherten wissenschaftlichen Erkenntnissen entscheiden zwei wichtige Grundfuktionen über die Leistungsfähgkeit unseres Gehirns: Die Geschwindigkeit der geistigen Abläufe und die Merkspanne. Erfreulich, [&hellip;]</p>
