{"id":678,"date":"2017-03-13T11:59:42","date_gmt":"2017-03-13T10:59:42","guid":{"rendered":"http:\/\/localhost\/iv50plus\/?page_id=99"},"modified":"2017-03-13T11:59:42","modified_gmt":"2017-03-13T10:59:42","slug":"finanzielle-sicherheit","status":"publish","type":"page","link":"https:\/\/iv50plus.eu\/?page_id=678","title":{"rendered":"Finanzielle Sicherheit"},"content":{"rendered":"<h2><img decoding=\"async\" loading=\"lazy\" class=\"size-medium wp-image-560 alignleft\" src=\"https:\/\/iv50plus.eu\/wp-content\/uploads\/2017\/06\/reichstag-1358937_1920-300x201.jpg\" alt=\"\" width=\"300\" height=\"201\" srcset=\"https:\/\/iv50plus.eu\/wp-content\/uploads\/2017\/06\/reichstag-1358937_1920-300x201.jpg 300w, https:\/\/iv50plus.eu\/wp-content\/uploads\/2017\/06\/reichstag-1358937_1920-768x514.jpg 768w, https:\/\/iv50plus.eu\/wp-content\/uploads\/2017\/06\/reichstag-1358937_1920-1024x685.jpg 1024w, https:\/\/iv50plus.eu\/wp-content\/uploads\/2017\/06\/reichstag-1358937_1920.jpg 1920w\" sizes=\"(max-width: 300px) 100vw, 300px\" \/>Neue Studien zur\u00a0 &#8222;Altersarmut&#8220;<\/h2>\n<p>Nachdem die <a href=\"https:\/\/www.bertelsmann-stiftung.de\/fileadmin\/files\/BSt\/Publikationen\/GrauePublikationen\/Entwicklung_der_Altersarmut_bis_2036.pdf\">Studie der Bertelsmann Stiftung<\/a> am 26.06.2017 ver\u00f6ffentlicht wurde, ist das Thema \u201eDrohende Altersarmut\u201c in den Medien wieder sehr aktuell.<\/p>\n<p>Ob es zu einer dramatischen Entwicklung in der Altersarmut kommt, sind sich die Experten nicht einig.<\/p>\n<p><strong>Prof. Dr. Bernd Raffelh\u00fcschen<\/strong> , Professor f\u00fcr Finanzwissenschaft und Direktor des Forschungszentrums Generationenvertr\u00e4ge an der Albert-Ludwigs-Universit\u00e4t Freiburg, hat am 26.06.2017 im Interview mit dem Heute-Journal gesagt, dass die Diskussion \u00fcber die Altersarmut zu sehr dramatisch dargestellt wird. Er bezeichnete unser Rentensystem als gerecht, denn wer mehr einzahlt bekommt auch mehr Rente und wer weniger einzahlt, bekommt dann auch weniger Rente. Prof. Dr. Raffelh\u00fcschen sieht die Altersarmut besonders in den Personengruppen, die nicht oder nur teilweise in die Rente eingezahlt haben. Hier m\u00fcssen andere L\u00f6sungswege gesucht werden. Aber man soll auf keinen Fall Korrekturen an der Rentenversicherung vornehmen. Wir haben ein sehr gutes und gerechtes Rentensystem, um das uns andere L\u00e4nder beneiden.<\/p>\n<p>Die Bertelsmann Stiftung warnt sehr deutlich und kritisiert, dass die geplanten Rentenreformen zu einseitig sind. Dagegen sieht das Deutsche Institut f\u00fcr Altersvorsorge (DIA) die Altersarmut k\u00fcnftiger Rentner als nicht so dramatisch an. Klaus Morgenstern, Sprecher des DIA empfiehlt eine Strategie gegen die drohende Altersarmut \u201eErst die Ursachen anpacken, dann die Symptome bek\u00e4mpfen\u201c.<\/p>\n<p><strong>Welche Zielsetzung hatte die Studie der Bertelmann Stiftung und was ist das Fazit daraus?<\/strong><\/p>\n<p>Die Aufgabe der Studie war zu ermitteln, wie das Risiko von Altersarmut in den n\u00e4chsten 20 Jahren aussehen wird. Im Mittelpunkt sollte \u00a0dabei die Generation der Babyboomer (geboren zwischen 1947 und 1969) stehen. Denn im Zeitraum 2014 bis 2036 erreicht diese Generation das Rentenalter von 67 Jahren.<\/p>\n<p>Die Armutsrisikoquote f\u00fcr Neurentner wird von derzeit 16 % auf 20% im Jahr 2023 sich erh\u00f6hen. Auch wird die Grundsicherungsquote laut Studie bis 2036 auf ca. 7% ansteigen, aktuell liegt sie bei ca. 5,5%. In Ostdeutschland k\u00f6nnte die Armutsquoteder Neurentner bei 36% in den Jahren 2031 bis 2036 liegen. Dies ist doppelt so hoch wie in Westdeutschland.<\/p>\n<p><strong>Um die Altersarmut zu reduzieren, sollte man sich sehr intensiv mit den Risikogruppen besch\u00e4ftigen. Es ist oberstes Ziel diese Risikogruppen in den Arbeitsmarkt zu integrieren und dies nachhaltig.<\/strong> Damit werden dann die\u00a0 L\u00fccken im Erwerbsablauf geschlossen.<\/p>\n<p><em><strong>Als Fazit der Studien kann man festhalten, dass das Risiko der Altersarmut ansteigt, aber dies nur m\u00e4\u00dfig.<\/strong><\/em> Auch wird es keine massenhafte Altersarmut bis 2030 geben. Beide Institute fordern gemeinsam vorbeugende Ma\u00dfnahmen gegen Altersarmut und das unter Ber\u00fccksichtigung der Integration von den Risikogruppen in den Arbeitsmarkt. Herr Klaus Morgenstern, Sprecher des Deutschen Institutes f\u00fcr Altersvorsorge GmbH (DIA), nannte dabei zehn Ma\u00dfnahmen- <a href=\"http:\/\/www.dasinvestment.com\/pdf.php?id=44738\">http:\/\/www.dasinvestment.com\/pdf.php?id=44738<\/a> -, die Altersarmut verhindern k\u00f6nnen.<\/p>\n<p>Eberbach, 29.06.2017<\/p>\n<p>Hermann-Josef Kracht<\/p>\n<p>Das Bild vom Reichtstag stammt von PIXABAY.<\/p>\n","protected":false},"excerpt":{"rendered":"<p>Neue Studien zur\u00a0 &#8222;Altersarmut&#8220; Nachdem die Studie der Bertelsmann Stiftung am 26.06.2017 ver\u00f6ffentlicht wurde, ist das Thema \u201eDrohende Altersarmut\u201c in den Medien wieder sehr aktuell. Ob es zu einer dramatischen Entwicklung in der Altersarmut kommt, sind sich die Experten nicht einig. Prof. Dr. Bernd Raffelh\u00fcschen , Professor f\u00fcr Finanzwissenschaft und Direktor des Forschungszentrums Generationenvertr\u00e4ge an [&hellip;]<\/p>\n","protected":false},"author":1,"featured_media":560,"parent":0,"menu_order":0,"comment_status":"closed","ping_status":"closed","template":"","meta":[],"_links":{"self":[{"href":"https:\/\/iv50plus.eu\/index.php?rest_route=\/wp\/v2\/pages\/678"}],"collection":[{"href":"https:\/\/iv50plus.eu\/index.php?rest_route=\/wp\/v2\/pages"}],"about":[{"href":"https:\/\/iv50plus.eu\/index.php?rest_route=\/wp\/v2\/types\/page"}],"author":[{"embeddable":true,"href":"https:\/\/iv50plus.eu\/index.php?rest_route=\/wp\/v2\/users\/1"}],"replies":[{"embeddable":true,"href":"https:\/\/iv50plus.eu\/index.php?rest_route=%2Fwp%2Fv2%2Fcomments&post=678"}],"version-history":[{"count":0,"href":"https:\/\/iv50plus.eu\/index.php?rest_route=\/wp\/v2\/pages\/678\/revisions"}],"wp:featuredmedia":[{"embeddable":true,"href":"https:\/\/iv50plus.eu\/index.php?rest_route=\/wp\/v2\/media\/560"}],"wp:attachment":[{"href":"https:\/\/iv50plus.eu\/index.php?rest_route=%2Fwp%2Fv2%2Fmedia&parent=678"}],"curies":[{"name":"wp","href":"https:\/\/api.w.org\/{rel}","templated":true}]}}

<h2><img decoding="async" loading="lazy" class="size-medium wp-image-560 alignleft" src="https://iv50plus.eu/wp-content/uploads/2017/06/reichstag-1358937_1920-300x201.jpg" alt="" width="300" height="201" srcset="https://iv50plus.eu/wp-content/uploads/2017/06/reichstag-1358937_1920-300x201.jpg 300w, https://iv50plus.eu/wp-content/uploads/2017/06/reichstag-1358937_1920-768x514.jpg 768w, https://iv50plus.eu/wp-content/uploads/2017/06/reichstag-1358937_1920-1024x685.jpg 1024w, https://iv50plus.eu/wp-content/uploads/2017/06/reichstag-1358937_1920.jpg 1920w" sizes="(max-width: 300px) 100vw, 300px" />Neue Studien zur  &#8222;Altersarmut&#8220;</h2>
<p>Nachdem die <a href="https://www.bertelsmann-stiftung.de/fileadmin/files/BSt/Publikationen/GrauePublikationen/Entwicklung_der_Altersarmut_bis_2036.pdf">Studie der Bertelsmann Stiftung</a> am 26.06.2017 veröffentlicht wurde, ist das Thema „Drohende Altersarmut“ in den Medien wieder sehr aktuell.</p>
<p>Ob es zu einer dramatischen Entwicklung in der Altersarmut kommt, sind sich die Experten nicht einig.</p>
<p><strong>Prof. Dr. Bernd Raffelhüschen</strong> , Professor für Finanzwissenschaft und Direktor des Forschungszentrums Generationenverträge an der Albert-Ludwigs-Universität Freiburg, hat am 26.06.2017 im Interview mit dem Heute-Journal gesagt, dass die Diskussion über die Altersarmut zu sehr dramatisch dargestellt wird. Er bezeichnete unser Rentensystem als gerecht, denn wer mehr einzahlt bekommt auch mehr Rente und wer weniger einzahlt, bekommt dann auch weniger Rente. Prof. Dr. Raffelhüschen sieht die Altersarmut besonders in den Personengruppen, die nicht oder nur teilweise in die Rente eingezahlt haben. Hier müssen andere Lösungswege gesucht werden. Aber man soll auf keinen Fall Korrekturen an der Rentenversicherung vornehmen. Wir haben ein sehr gutes und gerechtes Rentensystem, um das uns andere Länder beneiden.</p>
<p>Die Bertelsmann Stiftung warnt sehr deutlich und kritisiert, dass die geplanten Rentenreformen zu einseitig sind. Dagegen sieht das Deutsche Institut für Altersvorsorge (DIA) die Altersarmut künftiger Rentner als nicht so dramatisch an. Klaus Morgenstern, Sprecher des DIA empfiehlt eine Strategie gegen die drohende Altersarmut „Erst die Ursachen anpacken, dann die Symptome bekämpfen“.</p>
<p><strong>Welche Zielsetzung hatte die Studie der Bertelmann Stiftung und was ist das Fazit daraus?</strong></p>
<p>Die Aufgabe der Studie war zu ermitteln, wie das Risiko von Altersarmut in den nächsten 20 Jahren aussehen wird. Im Mittelpunkt sollte  dabei die Generation der Babyboomer (geboren zwischen 1947 und 1969) stehen. Denn im Zeitraum 2014 bis 2036 erreicht diese Generation das Rentenalter von 67 Jahren.</p>
<p>Die Armutsrisikoquote für Neurentner wird von derzeit 16 % auf 20% im Jahr 2023 sich erhöhen. Auch wird die Grundsicherungsquote laut Studie bis 2036 auf ca. 7% ansteigen, aktuell liegt sie bei ca. 5,5%. In Ostdeutschland könnte die Armutsquoteder Neurentner bei 36% in den Jahren 2031 bis 2036 liegen. Dies ist doppelt so hoch wie in Westdeutschland.</p>
<p><strong>Um die Altersarmut zu reduzieren, sollte man sich sehr intensiv mit den Risikogruppen beschäftigen. Es ist oberstes Ziel diese Risikogruppen in den Arbeitsmarkt zu integrieren und dies nachhaltig.</strong> Damit werden dann die  Lücken im Erwerbsablauf geschlossen.</p>
<p><em><strong>Als Fazit der Studien kann man festhalten, dass das Risiko der Altersarmut ansteigt, aber dies nur mäßig.</strong></em> Auch wird es keine massenhafte Altersarmut bis 2030 geben. Beide Institute fordern gemeinsam vorbeugende Maßnahmen gegen Altersarmut und das unter Berücksichtigung der Integration von den Risikogruppen in den Arbeitsmarkt. Herr Klaus Morgenstern, Sprecher des Deutschen Institutes für Altersvorsorge GmbH (DIA), nannte dabei zehn Maßnahmen- <a href="http://www.dasinvestment.com/pdf.php?id=44738">http://www.dasinvestment.com/pdf.php?id=44738</a> -, die Altersarmut verhindern können.</p>
<p>Eberbach, 29.06.2017</p>
<p>Hermann-Josef Kracht</p>
<p>Das Bild vom Reichtstag stammt von PIXABAY.</p>

<p>Neue Studien zur  &#8222;Altersarmut&#8220; Nachdem die Studie der Bertelsmann Stiftung am 26.06.2017 veröffentlicht wurde, ist das Thema „Drohende Altersarmut“ in den Medien wieder sehr aktuell. Ob es zu einer dramatischen Entwicklung in der Altersarmut kommt, sind sich die Experten nicht einig. Prof. Dr. Bernd Raffelhüschen , Professor für Finanzwissenschaft und Direktor des Forschungszentrums Generationenverträge an [&hellip;]</p>
