{"id":677,"date":"2017-03-13T11:59:34","date_gmt":"2017-03-13T10:59:34","guid":{"rendered":"http:\/\/localhost\/iv50plus\/?page_id=97"},"modified":"2017-03-13T11:59:34","modified_gmt":"2017-03-13T10:59:34","slug":"mobilitaet-und-wohnen-im-alter","status":"publish","type":"page","link":"https:\/\/iv50plus.eu\/?page_id=677","title":{"rendered":"Mobilit\u00e4t im Alter"},"content":{"rendered":"<p>Mobilit\u00e4t wird heute eindeutig als Lebensqualit\u00e4t empfunden und ist eine notwendige Voraussetzung um sich seine Selbstst\u00e4ndigkeit zu bewahren und ist die Grundlage f\u00fcr eine gesellschaftliche Teilhabe am Leben.<\/p>\n<p>Wir sind es doch gew\u00f6hnt, uns spontan von a nach b zu bewegen, d.h. auch im Alter wollen und m\u00fcssen wir mobil bleiben.<\/p>\n<p>Eines ist gewiss, die sinkende Geburtenrate und die wesentlich h\u00f6here Lebenserwartung aller, f\u00fchrt zu einer Zunahme \u00e4lterer Menschen in unserer Gesellschaft. Untersuchungen zeigen, dass gerade die Gruppe der 65-j\u00e4hrigen und \u00e4lteren Menschen auf \u00fcber 22,0 Millionen im Jahr 2030 ansteigen wird.<\/p>\n<p>Das hat nat\u00fcrlich auch gro\u00dfe Folgen f\u00fcr den \u00f6ffentlichen Nahverkehr.<\/p>\n<p>80% der M\u00e4nner im Alter von \u00fcber 75 Jahren besitzen noch einen F\u00fchrerschein, bei den Frauen sind es knapp 35%. Grunds\u00e4tzlich reduziert sich im Alter der Besitz eines F\u00fchrerscheines und damit die Verf\u00fcgbarkeit eines Pkws im Haushalt.<\/p>\n<p>Trotzdem ist es f\u00fcr uns, unabh\u00e4ngig vom Alter, immer noch wichtig, die eigene Mobilit\u00e4t im Alter aufrecht zu halten, denn sie wird zunehmend eine gr\u00f6\u00dfere Rolle einnehmen, da sich nat\u00fcrlich im \u00c4lter werden, auch die Lebens- und Freizeitgewohnheiten ver\u00e4ndern und damit erst recht die Frage der Mobilit\u00e4t.<\/p>\n<p>Ohne Mobilit\u00e4t im Alter, gibt es keine aktive Teilnahme am gesellschaftlichen Leben und reduziert zus\u00e4tzlich den Faktor Lebensqualit\u00e4t.<\/p>\n<p>Mobilit\u00e4t ist somit die Voraussetzung f\u00fcr eine aktive Teilhabe am Leben und schafft den Raum f\u00fcr mehr Lebensqualit\u00e4t.<\/p>\n<p>Wir wissen aus der Erfahrung das Mobilit\u00e4t im Alter vielf\u00e4ltig ist, mit dem eigenen PKW, als Beifahrer, Carsharing, Nutzung der \u00d6PNV, der Eisenbahn oder des Flugzeugs.<\/p>\n<p>Somit ist aus unserer Sicht, Mobilit\u00e4t ein zentraler Faktor f\u00fcr Aktivit\u00e4t im Alter, Lebensqualit\u00e4t und Teilhabe am gesellschaftlichen Leben. Dieses unabh\u00e4ngig wo wir wohnen, in der Stadt oder im l\u00e4ndlichen Raum.<\/p>\n<p>Neben den individuellen F\u00e4higkeiten und gesellschaftlichen Werten und Normen haben in allen Altersgruppen besonders die lokal verf\u00fcgbaren Verkehrsmittel Einfluss auf das Mobilit\u00e4tsverhalten.<\/p>\n<p>Die Deutsche Bahn hat dieses Jahr leider die Autoreisez\u00fcge eingestellt, die insbesondere von den \u00e4lteren Generationen genutzt wurden, um auch am Zielort mit dem eigenen Wagen mobil zu sein, auch dieses ist Lebensqualit\u00e4t.<\/p>\n","protected":false},"excerpt":{"rendered":"<p>Mobilit\u00e4t wird heute eindeutig als Lebensqualit\u00e4t empfunden und ist eine notwendige Voraussetzung um sich seine Selbstst\u00e4ndigkeit zu bewahren und ist die Grundlage f\u00fcr eine gesellschaftliche Teilhabe am Leben. Wir sind es doch gew\u00f6hnt, uns spontan von a nach b zu bewegen, d.h. auch im Alter wollen und m\u00fcssen wir mobil bleiben. Eines ist gewiss, die [&hellip;]<\/p>\n","protected":false},"author":1,"featured_media":0,"parent":0,"menu_order":0,"comment_status":"closed","ping_status":"closed","template":"","meta":[],"_links":{"self":[{"href":"https:\/\/iv50plus.eu\/index.php?rest_route=\/wp\/v2\/pages\/677"}],"collection":[{"href":"https:\/\/iv50plus.eu\/index.php?rest_route=\/wp\/v2\/pages"}],"about":[{"href":"https:\/\/iv50plus.eu\/index.php?rest_route=\/wp\/v2\/types\/page"}],"author":[{"embeddable":true,"href":"https:\/\/iv50plus.eu\/index.php?rest_route=\/wp\/v2\/users\/1"}],"replies":[{"embeddable":true,"href":"https:\/\/iv50plus.eu\/index.php?rest_route=%2Fwp%2Fv2%2Fcomments&post=677"}],"version-history":[{"count":0,"href":"https:\/\/iv50plus.eu\/index.php?rest_route=\/wp\/v2\/pages\/677\/revisions"}],"wp:attachment":[{"href":"https:\/\/iv50plus.eu\/index.php?rest_route=%2Fwp%2Fv2%2Fmedia&parent=677"}],"curies":[{"name":"wp","href":"https:\/\/api.w.org\/{rel}","templated":true}]}}