{"id":49,"date":"2017-03-13T11:53:06","date_gmt":"2017-03-13T10:53:06","guid":{"rendered":"http:\/\/localhost\/iv50plus\/?page_id=49"},"modified":"2017-03-13T11:53:06","modified_gmt":"2017-03-13T10:53:06","slug":"unsere-ziele","status":"publish","type":"page","link":"https:\/\/iv50plus.eu\/?page_id=49","title":{"rendered":"Unsere Ziele"},"content":{"rendered":"<h3><b>Ziele der Interessenvertretung 50Plus (IV50Plus) &#8211;\u00a0 <\/b><\/h3>\n<h3><span style=\"font-family: Arial, sans-serif;\">(Mitglied der Dachorganisation \u201eEuropean Association 50Plus)<\/span><\/h3>\n<p><span style=\"font-family: Arial, sans-serif;\"><span style=\"font-size: medium;\">Die \u201eInteressenvertretung 50Plus e.V.\u201c sieht es als ihre Aufgabe an, f\u00fcr einen positiven Wandel des Altersbildes in Deutschland zu sorgen. Die drei Hauptaufgabenfelder der Interessenvertretung 50Plus e.V. sind dabei die Initiativen gegen Arbeitskr\u00e4ftemangel, den Kampf gegen Altersarmut und der Gestaltung des Ruhestandes.<br \/>\n<\/span><\/span><\/p>\n<p><strong>Die Interessenvertretung 50Plus e.V. befasst sich ausserdem mit folgenden Fragen:<\/strong><\/p>\n<ul>\n<li>Wie kann die Gesellschaft k\u00fcnftig besser vom beruflichen und pers\u00f6nlichen Erfahrungsschatz der Generation 50Plus profitieren?<\/li>\n<li>Wie l\u00e4sst sicher der wohlverdiente Lebensabend \u00e4lterer Menschen absichern?<\/li>\n<li>Wie muss angemessener Wohnraum f\u00fcr die Lebenskenner (Menschen \u00fcber 50 Jahre) aussehen?<\/li>\n<li>Welche Infrastruktur und Dienstleistungen sind unverzichtbar?<\/li>\n<li>Wie lassen sich Produkte und Dienstleistungen auf die Bed\u00fcrfnisse der Gerneration 50Plus abstimmen?<\/li>\n<li>Wie k\u00f6nnen wir mittelst\u00e4ndische Unternehmen unterst\u00fctzen, die keinen Nachfolger f\u00fcr ihren Betrieb finden?<\/li>\n<li>Wie k\u00f6nnen wir verantworlich f\u00fcr die nachfolgenden Generationen handeln?<\/li>\n<li>Wie gehen wir mit den Energieressourcen um und erhalten die Umwelt?<\/li>\n<li>Wie schaffen wir es die Generation 50Plus f\u00fcr dringend notwendiges gesellschaftliches Engagement zu begeistern?<\/li>\n<\/ul>\n<p><strong>Geh\u00f6ren Sie schon zur Gerneration 50Plus<\/strong> und m\u00f6chten uns mit Ihrer F\u00f6rdermitgliedschaft helfen, Menschen ab 50 Jahre in unserer Gesellschaft Geh\u00f6r und Bedeutung zu verleihen?<\/p>\n<p><a href=\"https:\/\/iv50plus.eu\/wp-content\/uploads\/2017\/03\/Aufnahmeantrag.pdf\">Wir freuen uns auf Sie!<\/a><\/p>\n<p>&nbsp;<\/p>\n<p>&nbsp;<\/p>\n<p>&nbsp;<\/p>\n<p>&nbsp;<\/p>\n","protected":false},"excerpt":{"rendered":"<p>Ziele der Interessenvertretung 50Plus (IV50Plus) &#8211;\u00a0 (Mitglied der Dachorganisation \u201eEuropean Association 50Plus) Die \u201eInteressenvertretung 50Plus e.V.\u201c sieht es als ihre Aufgabe an, f\u00fcr einen positiven Wandel des Altersbildes in Deutschland zu sorgen. Die drei Hauptaufgabenfelder der Interessenvertretung 50Plus e.V. sind dabei die Initiativen gegen Arbeitskr\u00e4ftemangel, den Kampf gegen Altersarmut und der Gestaltung des Ruhestandes. Die [&hellip;]<\/p>\n","protected":false},"author":1,"featured_media":0,"parent":0,"menu_order":0,"comment_status":"closed","ping_status":"closed","template":"","meta":[],"_links":{"self":[{"href":"https:\/\/iv50plus.eu\/index.php?rest_route=\/wp\/v2\/pages\/49"}],"collection":[{"href":"https:\/\/iv50plus.eu\/index.php?rest_route=\/wp\/v2\/pages"}],"about":[{"href":"https:\/\/iv50plus.eu\/index.php?rest_route=\/wp\/v2\/types\/page"}],"author":[{"embeddable":true,"href":"https:\/\/iv50plus.eu\/index.php?rest_route=\/wp\/v2\/users\/1"}],"replies":[{"embeddable":true,"href":"https:\/\/iv50plus.eu\/index.php?rest_route=%2Fwp%2Fv2%2Fcomments&post=49"}],"version-history":[{"count":0,"href":"https:\/\/iv50plus.eu\/index.php?rest_route=\/wp\/v2\/pages\/49\/revisions"}],"wp:attachment":[{"href":"https:\/\/iv50plus.eu\/index.php?rest_route=%2Fwp%2Fv2%2Fmedia&parent=49"}],"curies":[{"name":"wp","href":"https:\/\/api.w.org\/{rel}","templated":true}]}}

<h3><b>Ziele der Interessenvertretung 50Plus (IV50Plus) &#8211;  </b></h3>
<h3><span style="font-family: Arial, sans-serif;">(Mitglied der Dachorganisation „European Association 50Plus)</span></h3>
<p><span style="font-family: Arial, sans-serif;"><span style="font-size: medium;">Die „Interessenvertretung 50Plus e.V.“ sieht es als ihre Aufgabe an, für einen positiven Wandel des Altersbildes in Deutschland zu sorgen. Die drei Hauptaufgabenfelder der Interessenvertretung 50Plus e.V. sind dabei die Initiativen gegen Arbeitskräftemangel, den Kampf gegen Altersarmut und der Gestaltung des Ruhestandes.<br />
</span></span></p>
<p><strong>Die Interessenvertretung 50Plus e.V. befasst sich ausserdem mit folgenden Fragen:</strong></p>
<ul>
<li>Wie kann die Gesellschaft künftig besser vom beruflichen und persönlichen Erfahrungsschatz der Generation 50Plus profitieren?</li>
<li>Wie lässt sicher der wohlverdiente Lebensabend älterer Menschen absichern?</li>
<li>Wie muss angemessener Wohnraum für die Lebenskenner (Menschen über 50 Jahre) aussehen?</li>
<li>Welche Infrastruktur und Dienstleistungen sind unverzichtbar?</li>
<li>Wie lassen sich Produkte und Dienstleistungen auf die Bedürfnisse der Gerneration 50Plus abstimmen?</li>
<li>Wie können wir mittelständische Unternehmen unterstützen, die keinen Nachfolger für ihren Betrieb finden?</li>
<li>Wie können wir verantworlich für die nachfolgenden Generationen handeln?</li>
<li>Wie gehen wir mit den Energieressourcen um und erhalten die Umwelt?</li>
<li>Wie schaffen wir es die Generation 50Plus für dringend notwendiges gesellschaftliches Engagement zu begeistern?</li>
</ul>
<p><strong>Gehören Sie schon zur Gerneration 50Plus</strong> und möchten uns mit Ihrer Fördermitgliedschaft helfen, Menschen ab 50 Jahre in unserer Gesellschaft Gehör und Bedeutung zu verleihen?</p>
<p><a href="https://iv50plus.eu/wp-content/uploads/2017/03/Aufnahmeantrag.pdf">Wir freuen uns auf Sie!</a></p>
<p>&nbsp;</p>
<p>&nbsp;</p>
<p>&nbsp;</p>
<p>&nbsp;</p>

<p>Ziele der Interessenvertretung 50Plus (IV50Plus) &#8211;  (Mitglied der Dachorganisation „European Association 50Plus) Die „Interessenvertretung 50Plus e.V.“ sieht es als ihre Aufgabe an, für einen positiven Wandel des Altersbildes in Deutschland zu sorgen. Die drei Hauptaufgabenfelder der Interessenvertretung 50Plus e.V. sind dabei die Initiativen gegen Arbeitskräftemangel, den Kampf gegen Altersarmut und der Gestaltung des Ruhestandes. Die [&hellip;]</p>
