{"id":46,"date":"2017-03-13T11:52:57","date_gmt":"2017-03-13T10:52:57","guid":{"rendered":"http:\/\/localhost\/iv50plus\/?page_id=46"},"modified":"2017-03-13T11:52:57","modified_gmt":"2017-03-13T10:52:57","slug":"entstehungsgeschichte","status":"publish","type":"page","link":"https:\/\/iv50plus.eu\/?page_id=46","title":{"rendered":"Entstehungsgeschichte"},"content":{"rendered":"<p><span style=\"font-family: Arial, sans-serif;\"><span style=\"font-size: medium;\">Die demografische Entwicklung und die Zunahme \u00e4lterer Erwerbst\u00e4tiger stellt unsere Gesellschaft, Unternehmen, Kommunen und die betroffenen Menschen vor gro\u00dfe neue Herausforderungen, die es gemeinsam zu bew\u00e4ltigen gilt. <\/span><\/span><\/p>\n<p><span style=\"font-family: Arial, sans-serif;\"><span style=\"font-size: medium;\">Da im Moment bei der EU keine Interessenvertretung f\u00fcr die Personengruppe 50Plus vorhanden ist, hat sich im September 2016 der Gr\u00fcnder Hermann-Josef Kracht und jetzige CEO entschieden, <span style=\"color: #000000;\"><span style=\"font-family: Calibri, sans-serif;\"><span style=\"font-size: small;\"><span style=\"font-size: large;\">eine Europ\u00e4ische Dachorganisation als Interessenvertretung zu gr\u00fcnden. Unter der europ\u00e4ischen Dachorganisation werden alle nationalen Interessenvertretungen gegr\u00fcndet. <\/span><\/span><\/span><\/span><br \/>\n<\/span><\/span><\/p>\n<p><span style=\"font-family: Arial, sans-serif;\"><span style=\"font-size: medium;\">Henry Ford hat vorausschautet einmal gesagt: <\/span><\/span><\/p>\n<p lang=\"de-DE\"><span style=\"color: #000000;\"><em>\u201e<span style=\"font-family: Calibri, sans-serif;\"><span style=\"font-size: small;\"><span style=\"font-family: 'Lucida Calligraphy', cursive;\">Nimm die Erfahrung und die Urteilskraft der Menschen \u00fcber 50 heraus aus der Welt und es wird nicht genug \u00fcbrigbleiben, um ihren Bestand zu sichern.\u201c<\/span><\/span><\/span><\/em> <\/span><\/p>\n<p lang=\"de-DE\"><span style=\"color: #000000;\"><span style=\"font-family: Calibri, sans-serif;\"><span style=\"font-size: small;\"><span style=\"font-size: large;\">Leider haben heute Arbeitnehmer\/innen im Alter 50Plus auf dem Arbeitsmarkt noch immer gro\u00dfe Probleme. In der Arbeitslosenstatik werden die Menschen \u00fcber 58 Jahre nicht mehr aufgef\u00fchrt. <\/span><\/span><\/span><\/span><\/p>\n<p lang=\"de-DE\"><span style=\"color: #000000;\"><span style=\"font-family: Calibri, sans-serif;\"><span style=\"font-size: small;\"><span style=\"font-size: large;\">Menschen \u00fcber 50 Jahren verf\u00fcgen \u00fcber eine hohe berufliche Erfahrung und Urteilskraft, die schon Henry Ford als sehr wichtig empfunden hat.<\/span><\/span><\/span><\/span><\/p>\n<p lang=\"de-DE\"><span style=\"color: #000000;\"><span style=\"font-family: Calibri, sans-serif;\"><span style=\"font-size: small;\"><span style=\"font-size: large;\">Die Zielsetzung von der Interessenvertretung 50Plus e.V. ist es, die Stimme der Menschen \u00fcber 50Jahre zu sein und damit auch gemeinsam einen Ver\u00e4nderungsprozess in der Gesellschaft, Politik, Unternehmen, Kommune und bei jedem Einzelnen in Bewegung zu setzen, damit die Herausforderung des demografischen Wandels erfolgreich bew\u00e4ltigt werden kann.<\/span><\/span><\/span><\/span><\/p>\n<p lang=\"de-DE\"><span style=\"color: #000000;\"><span style=\"font-family: Calibri, sans-serif;\"><span style=\"font-size: small;\"><span style=\"font-size: large;\">Nach dem der Grundstock gelegt war, wurden die Voraussetzungen geschaffen, damit die Vereinsgr\u00fcndungen durchgef\u00fchrt werden konnten.<br \/>\n<\/span><\/span><\/span><\/span><\/p>\n<p lang=\"de-DE\"><span style=\"color: #000000;\"><span style=\"font-family: Calibri, sans-serif;\"><span style=\"font-size: small;\"><span style=\"font-size: large;\">Am 18. Februar 2017 wurde dann mit sieben Personen die European Association 50Plus e.V. und die Interessenvertretung 50Plus e.V.\u00a0 (Deutschland) gegr\u00fcndet.<\/span><\/span><\/span><\/span><\/p>\n","protected":false},"excerpt":{"rendered":"<p>Die demografische Entwicklung und die Zunahme \u00e4lterer Erwerbst\u00e4tiger stellt unsere Gesellschaft, Unternehmen, Kommunen und die betroffenen Menschen vor gro\u00dfe neue Herausforderungen, die es gemeinsam zu bew\u00e4ltigen gilt. Da im Moment bei der EU keine Interessenvertretung f\u00fcr die Personengruppe 50Plus vorhanden ist, hat sich im September 2016 der Gr\u00fcnder Hermann-Josef Kracht und jetzige CEO entschieden, eine [&hellip;]<\/p>\n","protected":false},"author":1,"featured_media":0,"parent":0,"menu_order":0,"comment_status":"closed","ping_status":"closed","template":"","meta":[],"_links":{"self":[{"href":"https:\/\/iv50plus.eu\/index.php?rest_route=\/wp\/v2\/pages\/46"}],"collection":[{"href":"https:\/\/iv50plus.eu\/index.php?rest_route=\/wp\/v2\/pages"}],"about":[{"href":"https:\/\/iv50plus.eu\/index.php?rest_route=\/wp\/v2\/types\/page"}],"author":[{"embeddable":true,"href":"https:\/\/iv50plus.eu\/index.php?rest_route=\/wp\/v2\/users\/1"}],"replies":[{"embeddable":true,"href":"https:\/\/iv50plus.eu\/index.php?rest_route=%2Fwp%2Fv2%2Fcomments&post=46"}],"version-history":[{"count":0,"href":"https:\/\/iv50plus.eu\/index.php?rest_route=\/wp\/v2\/pages\/46\/revisions"}],"wp:attachment":[{"href":"https:\/\/iv50plus.eu\/index.php?rest_route=%2Fwp%2Fv2%2Fmedia&parent=46"}],"curies":[{"name":"wp","href":"https:\/\/api.w.org\/{rel}","templated":true}]}}

<p><span style="font-family: Arial, sans-serif;"><span style="font-size: medium;">Die demografische Entwicklung und die Zunahme älterer Erwerbstätiger stellt unsere Gesellschaft, Unternehmen, Kommunen und die betroffenen Menschen vor große neue Herausforderungen, die es gemeinsam zu bewältigen gilt. </span></span></p>
<p><span style="font-family: Arial, sans-serif;"><span style="font-size: medium;">Da im Moment bei der EU keine Interessenvertretung für die Personengruppe 50Plus vorhanden ist, hat sich im September 2016 der Gründer Hermann-Josef Kracht und jetzige CEO entschieden, <span style="color: #000000;"><span style="font-family: Calibri, sans-serif;"><span style="font-size: small;"><span style="font-size: large;">eine Europäische Dachorganisation als Interessenvertretung zu gründen. Unter der europäischen Dachorganisation werden alle nationalen Interessenvertretungen gegründet. </span></span></span></span><br />
</span></span></p>
<p><span style="font-family: Arial, sans-serif;"><span style="font-size: medium;">Henry Ford hat vorausschautet einmal gesagt: </span></span></p>
<p lang="de-DE"><span style="color: #000000;"><em>„<span style="font-family: Calibri, sans-serif;"><span style="font-size: small;"><span style="font-family: 'Lucida Calligraphy', cursive;">Nimm die Erfahrung und die Urteilskraft der Menschen über 50 heraus aus der Welt und es wird nicht genug übrigbleiben, um ihren Bestand zu sichern.“</span></span></span></em> </span></p>
<p lang="de-DE"><span style="color: #000000;"><span style="font-family: Calibri, sans-serif;"><span style="font-size: small;"><span style="font-size: large;">Leider haben heute Arbeitnehmer/innen im Alter 50Plus auf dem Arbeitsmarkt noch immer große Probleme. In der Arbeitslosenstatik werden die Menschen über 58 Jahre nicht mehr aufgeführt. </span></span></span></span></p>
<p lang="de-DE"><span style="color: #000000;"><span style="font-family: Calibri, sans-serif;"><span style="font-size: small;"><span style="font-size: large;">Menschen über 50 Jahren verfügen über eine hohe berufliche Erfahrung und Urteilskraft, die schon Henry Ford als sehr wichtig empfunden hat.</span></span></span></span></p>
<p lang="de-DE"><span style="color: #000000;"><span style="font-family: Calibri, sans-serif;"><span style="font-size: small;"><span style="font-size: large;">Die Zielsetzung von der Interessenvertretung 50Plus e.V. ist es, die Stimme der Menschen über 50Jahre zu sein und damit auch gemeinsam einen Veränderungsprozess in der Gesellschaft, Politik, Unternehmen, Kommune und bei jedem Einzelnen in Bewegung zu setzen, damit die Herausforderung des demografischen Wandels erfolgreich bewältigt werden kann.</span></span></span></span></p>
<p lang="de-DE"><span style="color: #000000;"><span style="font-family: Calibri, sans-serif;"><span style="font-size: small;"><span style="font-size: large;">Nach dem der Grundstock gelegt war, wurden die Voraussetzungen geschaffen, damit die Vereinsgründungen durchgeführt werden konnten.<br />
</span></span></span></span></p>
<p lang="de-DE"><span style="color: #000000;"><span style="font-family: Calibri, sans-serif;"><span style="font-size: small;"><span style="font-size: large;">Am 18. Februar 2017 wurde dann mit sieben Personen die European Association 50Plus e.V. und die Interessenvertretung 50Plus e.V.  (Deutschland) gegründet.</span></span></span></span></p>

<p>Die demografische Entwicklung und die Zunahme älterer Erwerbstätiger stellt unsere Gesellschaft, Unternehmen, Kommunen und die betroffenen Menschen vor große neue Herausforderungen, die es gemeinsam zu bewältigen gilt. Da im Moment bei der EU keine Interessenvertretung für die Personengruppe 50Plus vorhanden ist, hat sich im September 2016 der Gründer Hermann-Josef Kracht und jetzige CEO entschieden, eine [&hellip;]</p>
