{"id":379,"date":"2017-03-24T13:01:38","date_gmt":"2017-03-24T12:01:38","guid":{"rendered":"http:\/\/57694361.swh.strato-hosting.eu\/iv50plus_neu\/?page_id=379"},"modified":"2017-03-24T13:01:38","modified_gmt":"2017-03-24T12:01:38","slug":"messen-in-2017","status":"publish","type":"page","link":"https:\/\/iv50plus.eu\/?page_id=379","title":{"rendered":"Messen"},"content":{"rendered":"<h2><strong>Messen in 2017<\/strong><\/h2>\n<p><strong>09. &#8211; 10. Mai<\/strong> <a href=\"http:\/\/www.personal-sued.de\/\">Personalmesse<\/a> in Stuttgart<\/p>\n<p><strong>19. \u2013 20- Mai<\/strong> <a href=\"http:\/\/www.creativelife.eu\/\">3. Frauengesundheitstag<\/a> in Leipzig<\/p>\n<p><strong>17. Juni<\/strong> <a href=\"https:\/\/www.womenandwork.de\/\">Woman&amp;Work<\/a> in Bonn<\/p>\n<p><strong>19. &#8211; 21. September<\/strong> <a href=\"http:\/\/www.zukunft-personal.de\/\">Zukunft Personal<\/a> in K\u00f6ln<\/p>\n<p><strong>21. \u2013 22. Oktober<\/strong> <a href=\"http:\/\/www.\u00f6koligenta.de\/\">\u00d6koligenta<\/a> im Wasserschloss W\u00fcmersen<\/p>\n<p><strong>08. &#8211; 09. November<\/strong> <a href=\"http:\/\/www.personal-austria.at\/\">Personalmesse<\/a> in Wien<\/p>\n<p><strong>09. November<\/strong> <a href=\"http:\/\/www.profachkraefte.de\">PRO Fachkr\u00e4fte 2017<\/a> in N\u00fcrnberg<\/p>\n<h2><strong>Messe in 2018<br \/>\n<\/strong><\/h2>\n<p>24. &#8211; 25. April &#8211; Corporate Health Convention in Stuttgart<\/p>\n<p>27. April &#8211; 4. Frauengesundheitstag in Leipzig<\/p>\n<p>11. &#8211; 13. September &#8211; Zukunft Personal in K\u00f6ln<\/p>\n<p><strong>\u00a0<\/strong><\/p>\n","protected":false},"excerpt":{"rendered":"<p>Messen in 2017 09. &#8211; 10. Mai Personalmesse in Stuttgart 19. \u2013 20- Mai 3. Frauengesundheitstag in Leipzig 17. Juni Woman&amp;Work in Bonn 19. &#8211; 21. September Zukunft Personal in K\u00f6ln 21. \u2013 22. Oktober \u00d6koligenta im Wasserschloss W\u00fcmersen 08. &#8211; 09. November Personalmesse in Wien 09. November PRO Fachkr\u00e4fte 2017 in N\u00fcrnberg Messe in [&hellip;]<\/p>\n","protected":false},"author":1,"featured_media":0,"parent":0,"menu_order":0,"comment_status":"closed","ping_status":"closed","template":"","meta":[],"_links":{"self":[{"href":"https:\/\/iv50plus.eu\/index.php?rest_route=\/wp\/v2\/pages\/379"}],"collection":[{"href":"https:\/\/iv50plus.eu\/index.php?rest_route=\/wp\/v2\/pages"}],"about":[{"href":"https:\/\/iv50plus.eu\/index.php?rest_route=\/wp\/v2\/types\/page"}],"author":[{"embeddable":true,"href":"https:\/\/iv50plus.eu\/index.php?rest_route=\/wp\/v2\/users\/1"}],"replies":[{"embeddable":true,"href":"https:\/\/iv50plus.eu\/index.php?rest_route=%2Fwp%2Fv2%2Fcomments&post=379"}],"version-history":[{"count":0,"href":"https:\/\/iv50plus.eu\/index.php?rest_route=\/wp\/v2\/pages\/379\/revisions"}],"wp:attachment":[{"href":"https:\/\/iv50plus.eu\/index.php?rest_route=%2Fwp%2Fv2%2Fmedia&parent=379"}],"curies":[{"name":"wp","href":"https:\/\/api.w.org\/{rel}","templated":true}]}}

<h2><strong>Messen in 2017</strong></h2>
<p><strong>09. &#8211; 10. Mai</strong> <a href="http://www.personal-sued.de/">Personalmesse</a> in Stuttgart</p>
<p><strong>19. – 20- Mai</strong> <a href="http://www.creativelife.eu/">3. Frauengesundheitstag</a> in Leipzig</p>
<p><strong>17. Juni</strong> <a href="https://www.womenandwork.de/">Woman&amp;Work</a> in Bonn</p>
<p><strong>19. &#8211; 21. September</strong> <a href="http://www.zukunft-personal.de/">Zukunft Personal</a> in Köln</p>
<p><strong>21. – 22. Oktober</strong> <a href="http://www.ökoligenta.de/">Ökoligenta</a> im Wasserschloss Wümersen</p>
<p><strong>08. &#8211; 09. November</strong> <a href="http://www.personal-austria.at/">Personalmesse</a> in Wien</p>
<p><strong>09. November</strong> <a href="http://www.profachkraefte.de">PRO Fachkräfte 2017</a> in Nürnberg</p>
<h2><strong>Messe in 2018<br />
</strong></h2>
<p>24. &#8211; 25. April &#8211; Corporate Health Convention in Stuttgart</p>
<p>27. April &#8211; 4. Frauengesundheitstag in Leipzig</p>
<p>11. &#8211; 13. September &#8211; Zukunft Personal in Köln</p>
<p><strong> </strong></p>

<p>Messen in 2017 09. &#8211; 10. Mai Personalmesse in Stuttgart 19. – 20- Mai 3. Frauengesundheitstag in Leipzig 17. Juni Woman&amp;Work in Bonn 19. &#8211; 21. September Zukunft Personal in Köln 21. – 22. Oktober Ökoligenta im Wasserschloss Wümersen 08. &#8211; 09. November Personalmesse in Wien 09. November PRO Fachkräfte 2017 in Nürnberg Messe in [&hellip;]</p>
